*s + 11. What is l(-8)?
-29
Let w(b) = 2*b**2 - 68*b + 284. Calculate w(29).
-6
Let n(u) = -u**3 - 16*u**2 + 19*u + 44. Give n(-17).
10
Let k(q) = -q - 3. Give k(-4).
1
Let s(u) = -u**3 + 9*u**2 - 2*u + 21. Calculate s(9).
3
Let v(w) = 11*w + 110. Give v(-17).
-77
Let p(m) = -m**3 - 4*m**2 + 6*m + 6. Calculate p(-5).
1
Let m(t) = t**2 + 3*t - 23. What is m(-6)?
-5
Let i(c) = c**3 + 5*c**2 - c - 13. Give i(-4).
7
Let i(o) = 2*o**2 - 30*o + 20. Give i(16).
52
Let w(a) = 403*a + 2021. Give w(-5).
6
Let n(w) = -w**3 - 9*w**2 + 15*w + 63. Determine n(-10).
13
Let p(h) = -h**3 - 14*h**2 - 2*h - 30. Give p(-14).
-2
Let j(w) = -w**3 + 2*w**2 + 6*w - 4. What is j(4)?
-12
Let b(h) = 7*h + 22. Calculate b(-13).
-69
Let y(m) = -3*m**3 - 3*m**2 - m - 1. What is y(-2)?
13
Let n(m) = -7*m**2 - 2*m - 2. Calculate n(-2).
-26
Let a(v) = -21*v + 167. Calculate a(8).
-1
Let k(p) = -5*p + 4. Determine k(-1).
9
Let y(n) = n**2 - 18*n + 33. Calculate y(16).
1
Let y(k) = -10*k - 18. What is y(-2)?
2
Let w(m) = m**2 - m - 2. Give w(2).
0
Let u(p) = -22*p**2 - 1. What is u(-1)?
-23
Let m(x) = -x**3 - 8*x**2 - 8*x + 4. Give m(-6).
-20
Let v(r) = r**3 + 10*r**2 - 9*r + 27. Give v(-11).
5
Let o(g) = g**3 + 16*g**2 - 58*g - 15. Determine o(-19).
4
Let m(w) = -2*w**3 - 12*w**2 - 18*w + 4. Give m(-3).
4
Let v(t) = t**3 - 8*t**2 + 9*t + 10. Give v(5).
-20
Let v(z) = 11*z - 14. Give v(3).
19
Let s(x) = 27*x. Give s(3).
81
Let n(k) = 12*k**3 + k**2 - k - 2. Determine n(-1).
-12
Let c(d) = d**2 - 5*d + 7. Give c(4).
3
Let x(c) = c**3 + 4*c**2 + 7*c + 5. Calculate x(-4).
-23
Let l(m) = 2*m**2 - 17*m + 23. Determine l(10).
53
Let m(x) = -x + 4. Calculate m(20).
-16
Let t(u) = -u**2 + 5*u + 6. Calculate t(3).
12
Let o(u) = -u**3 + 7*u**2 + 46*u - 17. Determine o(11).
5
Let t(n) = -5*n**3 - n - 1. Determine t(-1).
5
Let m(b) = 3*b**3 - 6*b**2 - 13. What is m(3)?
14
Let v(a) = a**2 - 7*a + 2. Determine v(7).
2
Let b(h) = -h - 13. What is b(-12)?
-1
Let u(r) = -8*r**2 + r - 1. Give u(3).
-70
Let z(a) = a**3 + 5. Determine z(2).
13
Let f(n) = n**2 - 12*n + 18. Give f(8).
-14
Let j(w) = 3*w + 20. Calculate j(-6).
2
Let u(o) = -11*o - 59. Give u(-6).
7
Let p(c) = 10*c**2 + 1. Determine p(-2).
41
Let x(f) = -12*f**2 + f + 2. Give x(-3).
-109
Let i(j) = 10*j**3 + 2*j**2 - 1. Calculate i(1).
11
Let q(m) = -m**3 + 7*m**2 - 13*m + 31. Determine q(6).
-11
Let m(y) = 16*y + 28. Determine m(-10).
-132
Let r(q) = q**3 - q**2 + 5*q - 12. Determine r(3).
21
Let v(h) = h - 8. Give v(12).
4
Let u(l) = -l**3 + 4*l**2 + 3*l - 1. Calculate u(5).
-11
Let n(t) = -t + 4. Determine n(0).
4
Let u(o) = -o**3 + 12*o**2 - 9*o - 1. What is u(11)?
21
Let f(v) = v. What is f(-1)?
-1
Let l(m) = 4*m - 4. Determine l(12).
44
Let l(o) = -2*o - 36. Determine l(-28).
20
Let a(q) = -7*q + 6. Calculate a(-8).
62
Let u(n) = 6*n**2 - 4*n + 4. Determine u(2).
20
Let z(w) = -w**3 + 9*w**2 - 19*w + 9. Give z(7).
-26
Let w(h) = -h**3 + 24*h**2 + 24*h + 52. Determine w(25).
27
Let j(n) = -n**2 - 15*n - 22. Determine j(-10).
28
Let s(j) = j**3 - 9*j**2 + 6*j + 1. Determine s(8).
-15
Let b(h) = 5*h - 56. Give b(0).
-56
Let c(k) = k**2 + k. Determine c(2).
6
Let o(q) = q**2 + 4*q + 6. What is o(-6)?
18
Let x(p) = -p**2 - 20*p + 37. Calculate x(-21).
16
Let z(o) = -o + 9. Determine z(14).
-5
Let r(t) = -t**2 - 9*t + 3. Calculate r(-8).
11
Let k(l) = -2*l - 20. Give k(-10).
0
Let t(r) = -3*r + 46. Give t(13).
7
Let o(s) = -11*s - 48. Give o(-4).
-4
Let n(l) = -2*l**2 + l - 1. Calculate n(2).
-7
Let k(u) = 2*u**2 - 11*u + 2. Determine k(4).
-10
Let j(b) = 2*b**2 - 54*b + 35. What is j(26)?
-17
Let j(q) = -q**2 - 12*q + 90. Calculate j(5).
5
Let m(p) = -p**3 - 13*p**2 - 3*p - 37. Give m(-13).
2
Let q(l) = -l**3 + 3*l**2 + 4*l + 2. Calculate q(3).
14
Let j(u) = 20*u - 209. Determine j(10).
-9
Let a(m) = -2*m + 27. Determine a(16).
-5
Let b(d) = d**3 - 12*d**2 - 9. Determine b(12).
-9
Let b(d) = 12*d - 561. Determine b(47).
3
Let b(m) = -m**2 - 8*m + 22. Determine b(-9).
13
Let p(s) = 10*s**2 + 7*s - 3. Determine p(-2).
23
Let s(j) = -j**3 + 47*j**2 + 202*j + 92. Calculate s(51).
-10
Let s(p) = -p**3 + 15*p**2 - 33*p + 15. Determine s(13).
-76
Let n(h) = -4*h - 19. Calculate n(-6).
5
Let n(z) = -4*z - 5. Calculate n(1).
-9
Let l(f) = 19*f - 4. Calculate l(3).
53
Let z(q) = -q**2 - q - 20. Determine z(0).
-20
Let m(z) = 6*z**3 + z**2 + z - 2. Determine m(1).
6
Let u(b) = b**2 + 4. What is u(0)?
4
Let u(h) = 13*h + 21. Determine u(-4).
-31
Let l(m) = 2*m - 2. What is l(-4)?
-10
Let n(r) = -19*r + 3. Calculate n(4).
-73
Let l(p) = -2*p**3 + 21*p**2 + 4*p + 86. What is l(11)?
9
Let s(r) = 21*r + 3. What is s(-2)?
-39
Let t(u) = 7*u - 26. What is t(4)?
2
Let m(t) = -13*t + 3. Give m(4).
-49
Let y(x) = -x**2 + 36*x + 64. What is y(37)?
27
Let y(j) = 2*j + 31. Calculate y(-17).
-3
Let h(w) = w**2 + 19*w + 75. Give h(-7).
-9
Let y(g) = -g**2 - 6*g - 9. Determine y(-7).
-16
Let b(x) = -24*x - 2. Determine b(-1).
22
Let f(x) = -4*x - 151. Determine f(-40).
9
Let s(c) = -c**3 - 6*c**2 + 2*c + 2. Determine s(-4).
-38
Let i(w) = -w**2 - 7*w. Determine i(-6).
6
Let o(d) = -12*d**3 - d**2 - 4. Give o(2).
-104
Let w(d) = 6*d - 106. Give w(12).
-34
Let x(b) = -b**3 + 6*b**2 - 6*b + 8. Give x(5).
3
Let p(k) = k**3 - 41*k**2 + 2*k - 89. Determine p(41).
-7
Let t(a) = -a**2 - 22*a + 101. Calculate t(4).
-3
Let b(a) = a**2 - 29*a + 200. Determine b(9).
20
Let l(x) = x**3 + 5*x**2 - 5*x + 6. Give l(-5).
31
Let l(s) = -s**3 - 16*s**2 - 15*s - 7. What is l(-15)?
-7
Let h(w) = -w**3 + 21*w**2 + 2*w - 49. Give h(21).
-7
Let h(n) = -n**3 + 13*n**2 - 15*n + 9. Determine h(12).
-27
Let h(j) = -j**3 - 7*j**2 + 8*j + 11. What is h(-8)?
11
Let l(n) = -2*n - 34. Give l(-11).
-12
Let j(x) = 7*x. Give j(-2).
-14
Let l(x) = x**3 + x**2. Give l(0).
0
Let n(i) = -15*i + 51. Calculate n(6).
-39
Let h(j) = -2*j**3 - 2*j**2 - 3. Calculate h(-2).
5
Let o(b) = b**2 + 8*b + 11. What is o(-6)?
-1
Let o(w) = -w**3 + 7*w**2 - 9*w + 5. Calculate o(6).
-13
Let j(d) = -35*d + 95. Determine j(3).
-10
Let k(y) = -5*y - 1. Calculate k(-3).
14
Let z(v) = 2*v**2 - 11*v - 6. Determine z(9).
57
Let h(k) = -2*k**3 - 15*k**2 - 4*k - 88. Give h(-8).
8
Let o(l) = -15*l + 1. What is o(2)?
-29
Let n(f) = 3*f**2 + 77*f - 28. Calculate n(-26).
-2
Let p(y) = y**2 - 10*y - 85. Calculate p(12).
-61
Let h(r) = -r**2 + 7*r + 2. Give h(6).
8
Let r(s) = 67*s**2 + 2*s + 2. What is r(-1)?
67
Let m(b) = b**3 + 15*b**2 + b + 21. Determine m(-15).
6
Let i(z) = z**2 + 12*z - 11. What is i(-10)?
-31
Let y(j) = j**2 + 4*j - 7. Determine y(-7).
14
Let n(l) = -l**3 + 5*l**2 + 2. What is n(5)?
2
Let o(k) = 28*k - 492. What is o(18)?
12
Let n(b) = 2*b - 2. Calculate n(7).
12
Let x(q) = 3*q - 99. What is x(30)?
-9
Let d(a) = 8*a - 16. What is d(2)?
0
Let r(y) = 3*y + 61. Calculate r(-23).
-8
Let p(n) = -n**3 - 46*n**2 - 206*n - 35. Give p(-41).
6
Let n(u) = -u**3 - 5*u**2 - u + 7. Determine n(-4).
-5
Let c(a) = 6*a + 10. Determine c(-1).
4
Let q(f) = 2*f**3 + 81*f**2 - 41*f + 5. Give q(-41).
5
Let c(z) = -z**2 + 5*z + 38. What is c(9)?
2
Let x(y) = -2*y + 4. Calculate x(-6).
16
Let g(r) = 6*r**2 - 14*r + 2. Give g(4).
42
Let i(q) = q**2 - 9*q + 6. Determine i(7).
-8
Let k(w) = 101*w**2 + w. Determine k(1).
102
Let z(g) = -9*g**3 - 2*g**2 + 4*g + 7. Determine z(-2).
63
Let a(y) = -y**3 + 8*y**2 - 2*y - 16. What is a(7)?
19
Let l(s) = 9*s + 1. Give l(-2).
-17
Let n(j) = -j**3 + 5*j**2 + 6*j + 7. Give n(6).
7
Let r(a) = -a**3 - 6*a**2 - 3*a + 4. Calculate r(-5).
-6
Let i(f) = -36*f + 112. Determine i(3).
4
Let t(z) = -2*z**3 - 14*z**2 + 36*z + 4. Determine t(-9).
4
Let k(j) = -10*j**2 - 29*j + 3. Determine k(-4).
-41
Let j(u) = -u**3 - 7*u**2 - 10*u + 1. Determine j(-5).
1
Let a(i) = -i**3 + 2*i**2 + 4*i - 8. What is a(5)?
-63
Let u(n) = n**2 + 1. Calculate u(-6).
37
Let u(j) = -16*j - 41. Give u(-6).
55
Let r(l) = l**2 + 5*l + 22. Determine r(-7).
36
Let u(o) = o**3 + 7*o**2 - 7*o + 14. What is u(-8)?
6
Let k(f) = 7*f + 5. What is k(-3)?
-16
Let u(c) = 7*c - 58. Give u(11).
19
Let v(n) = -n**3 + 9*n**2 - n + 4. What is v(9)?
-5
Let u(z) = -z**3 + 8*z**2 - 8*z + 3. Give u(6).
27
Let o(f) = f**3 - 11*f**2 + 4*f + 52. Give o(10).
-8
Let x(i) = -4*i + 89. What is x(30)?
-31
Let q(a) = 3*a**3 + 4*a**2 - 1. Calculate q(-2).